t is k(4)?
-5
Let n(h) = -4*h + 5*h - 6*h**2 + 0*h**3 + h**3 + 3. What is n(6)?
9
Let d(j) = j**3 - 4 - 2 - 12*j**2 + 0 + 12. Calculate d(12).
6
Let k = 277 - 278. Let m(a) = a**3 + 5*a. Let x(l) = -2*l**3 - 4*l. Let v(h) = -3*m(h) - 4*x(h). What is v(k)?
-6
Suppose 0 = -2*r + 10 + 10. Let v = -7 + r. Suppose -3 - 12 = v*b. Let g(x) = x**3 + 4*x**2 - 5*x - 4. Calculate g(b).
-4
Let l(z) = -z**2 - 5*z + 2. Suppose -4 = 2*n + 12. Let h be n/6*(-9)/(-2). Calculate l(h).
-4
Let z(w) = 10*w**2 - w. Let n be z(1). Suppose -n = 5*s - 34. Let f(q) = 0 + q + s - 2 + 1. Give f(-3).
1
Let m(f) = -f**2 - 8*f + 3. Suppose x = 3 + 2. Let y(j) = j**2 + 9*j - 4. Let q(n) = x*m(n) + 4*y(n). What is q(-4)?
-1
Let w be 130/18 - 8/36. Let u(c) = -3*c**2 - 4*c. Let z(g) = -7*g**2 - 7*g - 1. Let s(a) = -9*u(a) + 4*z(a). Give s(w).
3
Let r(s) = s**2 + 1 - 2 + 2*s - 1 + 2*s**2. Give r(2).
14
Let p(c) = -6 - 10 + 17 - 4*c. Determine p(3).
-11
Let t(w) = w**3 - 6*w**2 - 5*w - 11. Suppose 0 = 2*d - 6 + 18. Let a(y) = y**3 - 6*y**2 - 6*y - 12. Let r(h) = d*t(h) + 5*a(h). Determine r(6).
6
Suppose b + d = -3*d - 20, -2*b + 5*d + 25 = 0. Let c be (b - 0 - 3) + 0. Let n(x) = x**2 + 2*x. Determine n(c).
3
Let c(o) = -o**3 + 3*o**2 - o - 2. Let t be c(3). Let s(p) = -2*p - 7. Give s(t).
3
Suppose -22 + 72 = 5*g. Suppose 1 + g = b. Let x(d) = -5 + b*d - 6*d**2 - 6*d + 1 + d**3. What is x(5)?
-4
Let t(i) = -23*i**3 - i + i + 22*i**3. Calculate t(-1).
1
Let a = 6 + -5. Let c be a/(-4) + 14/(-8). Let n be -1*(c - (-1 - 4)). Let r(y) = -y - 4. What is r(n)?
-1
Let m(z) = 73 - 35 + 9*z - 38. Let x(r) = -r**2 - 4*r - 1. Let f be x(-4). Determine m(f).
-9
Suppose 0 = 12*w - 15*w - 6. Let f(i) = 2*i**3 + i**2 - i - 1. What is f(w)?
-11
Let f = -8 - -2. Let z(n) = -5*n - 5. Let c(p) = -p - 1. Let a(x) = -18*c(x) + 4*z(x). Give a(f).
10
Let u(n) = n. Let k(r) = r**3 + 2. Let a be k(2). Let l = 7 - a. Calculate u(l).
-3
Let o be 12*1/10*-15. Let n be 2/(-8) - o/8. Suppose 0*q + q + 5*a = 0, q = n*a - 7. Let c(v) = v**3 + 4*v**2 - 6*v - 4. Calculate c(q).
1
Let i = 105 + -97. Let y(s) = -s + 7. Determine y(i).
-1
Let f = -3 - -7. Let d(z) be the third derivative of z**6/120 - z**5/20 - z**4/6 - z**3/6 + 14*z**2 - 3. Give d(f).
-1
Let l(w) be the second derivative of w**5/20 + w**4/4 + w**3/3 - 3*w**2/2 - 5*w. Determine l(-3).
-9
Let p(x) = -x**3 + 5*x**2 + 6. Let r(f) = f**2 - 4*f - 1. Let h be r(4). Let a be h - 5/((-20)/24). Determine p(a).
6
Let s be ((-21)/(-10))/(18/30). Let v(k) be the first derivative of 1/3*k**3 + 4 + s*k**2 + 3*k. What is v(-5)?
-7
Let k(v) = v - 2*v + 11 + 4*v - 4*v. Calculate k(10).
1
Let k(a) = a**3 + 10*a**2 + 10*a + 12. Let f be k(-9). Let m(i) = i**3 - 5*i**2 + 6*i - 6. Let d be m(f). Let t(x) = x**2 + 6*x - 7. Determine t(d).
-7
Let r = -9 - -3. Let n(h) = -h**2 - 6*h. Determine n(r).
0
Suppose 0 = 3*i - 6. Suppose -3*w = i + 16. Let z(b) = -9*b**2 - 4*b + 8. Let a(k) = -8*k**2 - 3*k + 7. Let q(o) = w*a(o) + 5*z(o). Calculate q(2).
6
Let y = -5 - -3. Let h(m) be the second derivative of m**5/10 + m**4/3 + m**3/3 - m**2 + m. What is h(y)?
-6
Let x(m) = 5*m**3 + 9*m**2 + 4*m - 9. Let s(z) = -z**3 - 2*z**2 - z + 2. Let k(i) = 9*s(i) + 2*x(i). Let a be k(0). Let r(g) = -g**2 - g + 5. Calculate r(a).
5
Let j(y) = -5*y + 1. Let k(n) = -n**3 + n**2 + n - 2. Let s be k(2). Let x be s/6*15/(-10). Calculate j(x).
-4
Let h be ((-5)/(-2))/(3/(-6)). Let v(j) = -j - 2. Let o be v(h). Let f(b) = 4*b**3 + 1 - o*b + 3*b. Determine f(1).
5
Let j(m) = -2 + m + 3*m + 1. Suppose -4*l - 10*l + 14 = 0. Determine j(l).
3
Let g(a) = a + 4. Let n be (-2 - (-1 - 3))*-2. Give g(n).
0
Let v(o) = o - 6. Let q = -5 - -4. Let n = q - 5. Determine v(n).
-12
Let h(r) = r + 1. Suppose -3*s + 4*l = 35, 11 = 2*s + 4*l + 1. What is h(s)?
-4
Let i(v) be the third derivative of v**6/120 - v**5/10 + 7*v**4/24 - 7*v**3/6 + v**2. Suppose 13*p - 9*p - 20 = 0. Determine i(p).
3
Let w(a) = -a + 2. Suppose 5*z + 17 = 7. Let y be w(z). Let n(b) = b - 1 - 2 + y*b**2 - 1 - b**3. What is n(3)?
8
Let z(d) = 4*d - 15. Let n be z(5). Let k(j) = -j + 4. Calculate k(n).
-1
Let r = 3 - -3. Let w(d) = -2*d**3 + d + 6*d**2 + 0*d - 4 + d**3 + 2*d. What is w(r)?
14
Let b(p) be the second derivative of p**3/6 - 9*p**2/2 - 3*p. Let r be b(8). Let g(y) = 4*y**3 - 2*y**2 - 2*y - 1. What is g(r)?
-5
Let p be (-1)/(-2)*(1 + 11). Let k(w) be the second derivative of -w**3/6 + 3*w**2/2 - 2*w. What is k(p)?
-3
Let u be -1 + 1/((-2)/(-4)). Let c(r) = 7*r - 21*r + 6*r. Give c(u).
-8
Let u(b) = 4*b**2 + 5*b + 4. Let o(y) = 5*y**2 + 6*y + 4. Let r(a) = -3*o(a) + 4*u(a). Determine r(-3).
7
Let k(v) = -v + 1. Let u be -2 + 0*(-4)/20. Determine k(u).
3
Suppose -3*i = 3*u - 4 + 1, 3*u + i + 7 = 0. Let p(a) be the second derivative of -2*a + 5/12*a**4 + 1/20*a**5 + a**2 + a**3 + 0. Calculate p(u).
-6
Let r(u) = u**3 - 3*u**2 + u + 3. Let d(m) = m**3 - 4*m**2 + m + 3. Let j(a) = 5*d(a) - 6*r(a). Let i = 2 - 0. Suppose 0 = -i*b + 3 - 9. What is j(b)?
9
Let x(m) be the third derivative of -m**6/120 + m**5/6 - 11*m**4/24 + 2*m**3 - 8*m**2. Calculate x(9).
-6
Let c(v) = 17*v**2 - v + 3. Let h(m) = 3*m**2 - m. Let g(l) = -c(l) + 5*h(l). Let n be 0 + -1 + (-2 - -3). Let d = n + -2. Give g(d).
-3
Suppose -u + 10 = 4*u. Let x(s) = -4*s - 5 + 4*s + 6 + u*s. Suppose 4*m + 8 = 4. What is x(m)?
-1
Let d(v) = v. Let n(m) = m. Let x be n(0). Suppose -1 = i - x*i. Let l(r) = 6*r**2 + 4*r. Let u(p) = i*l(p) + 3*d(p). Determine u(1).
-7
Let b(p) = -p**3 + p + 1. Let y = 89 + -87. Give b(y).
-5
Let h = -14 + 18. Let j(z) = 6*z + 7*z + h*z + 6 - 16*z. Calculate j(-6).
0
Suppose 0*d + 4*d + 20 = 0. Let u(w) be the third derivative of -w**6/360 - w**5/60 - w**4/12 + w**2. Let p(o) be the second derivative of u(o). Give p(d).
8
Let i(q) = q + 2*q + 6*q + 3 - q**2 - 9. Determine i(7).
8
Let r(j) = -j**2 + j + 3. Let o = -1 + 4. Let a be r(o). Let l(m) = m**2 + 3*m + 3. What is l(a)?
3
Let a be 1*-3*(-5 - -4). Let w(g) = -g**2 + g**a + 9 + 0 + 8 - 11. Determine w(0).
6
Let u(h) = -h**2 - 10*h - 6. Let s be u(-7). Suppose -2*a - a = s. Let z(y) be the second derivative of y**4/12 + 2*y**3/3 - 5*y**2/2 - 19*y - 3. Give z(a).
0
Let j = -43 - -63. Suppose j = -c - 3*c. Let q = -4 - c. Let r(y) = -10*y**3 + y - 1. Determine r(q).
-10
Let o(s) = s**3 - s**2 - s - 1. Let h be o(0). Let x = h + 4. Let a(r) be the second derivative of -r**5/20 + r**4/6 + r**3/2 - 3*r**2/2 - r. Give a(x).
-3
Let m(c) = -14*c + 4. Let u(k) = 2*k - 1. Let z(r) = m(r) + 6*u(r). Let a be (-2)/3 - 4/(-6). Suppose -j + 4*j - 6 = a. Give z(j).
-6
Let d(m) = -m**3 + 5*m**2 - m - 5. Let r(z) = -z**2 - 5*z + 3. Let k be r(-5). Let u = -2 + k. Let t be u + 4 + 0 + -1. Calculate d(t).
7
Let z(k) = -2 + k - 1 + 8. Suppose -5*r = a - 25, -4*a - 3*r = -2*a - 15. Determine z(a).
5
Suppose -3*o - g = -o, -4*o - 14 = -5*g. Let n(q) = 3*q**2 + 2*q + 1. What is n(o)?
2
Let j(s) = s - 5. Let k be 1*-6*(-1)/2. Suppose -k = -2*g + 3. Let x = 1 + g. Give j(x).
-1
Let z be 12*-2*(-2)/16. Let s(o) = o**2 - o - 2. Give s(z).
4
Let q(h) = -h**2 - 6*h - 6. Let y(k) = -5*k**2 + 2*k**2 + 10*k - 2*k**2 - 5 + 4*k**2. Let p be y(10). Give q(p).
-1
Let k(u) be the second derivative of -2*u**5/5 + u**4/12 + u**3/6 + u**2/2 + 8*u. Calculate k(-1).
9
Suppose -2*k + 4*k - 8 = 0. Suppose 5*l - 2*s = 11, 5*l + 0*s - 17 = k*s. Let p(r) = -8*r**3 + 2*r**2 - 2*r + 1. Determine p(l).
-7
Let m(n) be the third derivative of n**4/12 + n**3/3 + 14*n**2. Suppose 3*b - 12 = 7*b. Give m(b).
-4
Let k(j) = 40*j - 4*j**3 - 40*j - j**2 + 1. Let z = 0 - 0. Suppose -i - 1 + 2 = z. Determine k(i).
-4
Suppose -325 = 4*v - 29*v. Let m(z) = -z**3 + 12*z**2 + 14*z - 5. Calculate m(v).
8
Let k(m) = -m**2 - 6*m + 5. Suppose 33*a - 35*a - 14 = 0. What is k(a)?
-2
Let g(s) = -s - 10. Let m be ((-13)/2 + 0)*2. Let d be g(m). Let p(f) = f**3 - 2*f**2 - f - 3. Determine p(d).
3
Let q(b) = b**3 + 9*b**2 + b + 11. Let r be q(-9). Let f(h) = h + r*h + 2 - 2*h. Give f(-4).
-2
Suppose -5 = -3*r + 4. Let q(z) = -z**3 + 3*z**2 + z - 3. What is q(r)?
0
Suppose 0 = -p + 3*p + 4. Let w(i) = i**3 + 2*i**2 - 1. Give w(p).
-1
Let n(v) = v**2 - 4*v - 6. Let y be n(5). Let k(t) = -11*t - 1. Calculate k(y).
10
Let i be -2*(-9)/(-12)*-2. Let n(c) = -24*c**i + 0 - 2